 -15 + 10 + -1 + -3 + 8.
10
What is 3 + (4 - 3 - 1) - (10 - 12)?
5
Evaluate 19 - (-17 + 56) - -18.
-2
What is 7 + (7 - (5 - -54) - (0 - 5))?
-40
Evaluate 11 + (-14 - -14) - 1.
10
(-22 - (-2 - ((3 - -4) + -1))) + -4
-18
What is the value of -19 + 4 - (14 - (2 - -13))?
-14
Calculate 155 + -161 + 0 + -8 + 1.
-13
What is 0 - (-11 + (11 - (4 + 8)))?
12
Evaluate (-15 - -7) + (-8 - -1) + 5 - 6.
-16
What is -5 - ((-6 - (-3 - 3)) + 5)?
-10
-4 - ((-1 - (3 - 6)) + -5 + 5)
-6
What is the value of 5 - ((-33 - -26) + -1)?
13
Calculate -9 + -3 - (22 - 5 - -5).
-34
What is -29 + -7 + (29 - 11) - -3?
-15
What is the value of 12 - (11 + -12 + 6) - (3 - 4)?
8
What is the value of 1 + 9 + -5 + -5 - (3 - -2)?
-5
Calculate -5 - (-8 + 0 + 14 + -4).
-7
What is (3 - 1 - 0) + (8 - -14 - 19)?
5
What is 13 + -6 + -5 + 2 - (-6 - 0)?
10
What is -12 - ((10 - -2) + -35 + 66 + -54)?
-1
4 + (9 - 35) - (-1 - 9)
-12
Evaluate -15 - 10 - -16 - 6 - -40.
25
4 + (-17 - (-39 + -2 + 15))
13
What is (2 - -4 - -12) + (1 - 3 - -5)?
21
What is the value of -3 + 10 + -6 - -8 - 20 - 9?
-20
What is (0 - -12) + -19 + (-1 - -14) + 6?
12
What is the value of 5 + (1 - (-11 + 1 - -2))?
14
Calculate (25 - 5) + -25 + 10.
5
Calculate 0 + -10 + 11 + 8.
9
What is 20 + (-20 - -13) + -13?
0
Evaluate (19 - (-4 - -5)) + (4 - (5 - -3)).
14
What is 9 - (7 - (7 - (-6 + 7 + -2)))?
10
What is 8 - (6 + -3 - (-39 + (-11 - -14)))?
-31
What is the value of (-7 - (-17 + 0 - (38 + -33))) + 2?
17
What is the value of -35 - (-2 - -13 - 32)?
-14
Evaluate (9 + -17 - (6 + -1)) + -9.
-22
1 - (-3 - -3) - (-62 - -57)
6
What is the value of 21 - (-14 - -30) - (-1 + -1) - 1?
6
-3 - ((-1 - -2) + -2 - (-117 - -110))
-9
Calculate -3 + -1 + (-6 - -3) + -1 + -2.
-10
What is the value of (-25 - -47) + (3 - -4)?
29
What is the value of 26 + -37 + 5 + -2 + 2 + 0?
-6
What is -5 + (-98 + 104 - (-2 - -1))?
2
(7 - (-6 + 16) - (-3 - 0)) + 0
0
Evaluate 12 - (20 - (7 - 2)).
-3
Calculate 11 + (-8 + 5 - (-3 - (1 - -3))).
15
What is 1 + ((0 - -8) + -12 - (-1 + 2))?
-4
What is -5 + 1 + 1 - (-1819 + 1819)?
-3
Calculate -4 - (-1 - 17) - 14.
0
-1 + 3 + 6 + (-10 - 0 - 19)
-21
Evaluate 1 + 1 - (-16 - (12 - 9 - -1)).
22
Evaluate -45 + 73 + -35 - 18.
-25
2 + (3 - 16 - -5) - 6
-12
What is the value of (0 - 2) + (-4 - (-10 - (14 + -5)))?
13
What is -3 - ((5 - 11) + -1) - (0 + -5)?
9
Calculate -23 + 16 + -30 + 25.
-12
Evaluate 0 + -3 + 22 - 22.
-3
What is -22 - -10 - (8 + 0 + -32)?
12
What is the value of (1 - (1 - -3)) + (-4 + 1 - -2)?
-4
What is 0 - (2 + -1 - (4 - 0))?
3
Evaluate (-5 - 14) + -1 + (-2 - -6).
-16
Evaluate 24 + 0 - (-23 + 32 + 15 + -28).
28
5 + -2 + -15 + 1 + 0 + 4
-7
Calculate 3 + -17 + 5 - (-6 - 1) - 26.
-28
Evaluate 2869 + -2851 + (0 - (-2 - (3 + -2))).
21
-37 - -38 - (1 + (5 - 9))
4
Evaluate -19 + -3 + 18 - (-6 + 1).
1
6 - (5 + 1 + 1)
-1
What is the value of -23 + 18 - (-2 - -5) - (3 - 34)?
23
What is -5 - (-1 + (-7 - -2 - -1) - -2)?
-2
What is -3 - (-5 - (0 + -5 - (-6 - -1)))?
2
What is 101 + -97 - (0 + -8)?
12
-15 + (26 - (-8 + -6 + 28))
-3
-27 - -32 - (-13 - -5)
13
What is (4 - 11) + 16 + 7 + -4?
12
Calculate (8 + (14 - 36) - 6) + 0 + -3.
-23
-2 - (-4 - (-17 + 7) - -2)
-10
Calculate -6 + -12 - (-1 - (-4 + 8)).
-13
4 - (-17 + (3 - (0 + -5 + 1)))
14
Calculate -9 + (26 - -2) + -7 + -2 + 11.
21
What is the value of 2 + (38 - 18) + -5?
17
Calculate (0 - 4) + -27 + (-66 - -66).
-31
-6 + (-1 - 0 - -4) - -7
4
What is the value of (1 - (7 - (-5 - -15))) + (0 - -2)?
6
What is the value of -2776 + 2758 + 13 + -1 + -1?
-7
Evaluate -15 - (-28 - -13) - -7 - -21.
28
What is the value of 15 - (14 - 38) - 22?
17
What is the value of -558 + 591 - (22 - 1)?
12
Evaluate (9 - (6 + 2) - 14) + 1.
-12
-3 + (19 - (9 + -11 - (-6 + -2)))
10
What is the value of 9 - (3 - -4 - (26 + -17))?
11
Calculate (13 - 12) + (5 - -10).
16
What is -11 + 29 + -9 - -1?
10
Evaluate -2 + (4 - -2) - -11.
15
What is the value of 13 - ((66 - 43) + 0)?
-10
Evaluate -47 + 102 + (-39 - 0).
16
-2 - (13 - (-23 - -12)) - -10
-16
(1 - -1) + 14 + (22 + -19 - 6)
13
Evaluate 19 + (2 - 14 - 13) + 7.
1
Evaluate (-11 - (-24 - (-15 + 2))) + 13.
13
Calculate (-14 - (-16 - (13 - 13))) + 7 + 1.
10
Evaluate -5 + 4 + -4 - (8 - (-1 + 0)).
-14
(6 - 1) + -7 + 4 + -4 + 2
0
Calculate 3 + -3 + (-16 - (4 - (-1 + 40))).
19
Calculate 35 + -50 - (-25 - -12).
-2
-17 - (5 - ((-2 - -9 - 5) + 2))
-18
(15 - 21) + -3 + 0 + 1
-8
Evaluate 0 + (-2 - -3) + (-1 - -6).
6
Evaluate 107 + -94 - (20 + (-4 - -6)).
-9
What is -10 - (-17 - (15 - 9))?
13
What is the value of -1 - (-10 - -1) - (12 + 4 - -2)?
-10
What is 12 - (6 + 0) - -5 - -4?
15
Calculate -1 - -18 - (-55 + 38 - (2 + -23)).
13
Evaluate 2 + -2 + 10 + -1.
9
What is 17 + -13 + (0 - 10) - -9?
3
What is 13 + -5 - (-11 - (-9 + -43)) - 4?
-37
What is the value of -25 - (8 + -13 - (11 + -19))?
-28
What is 27 - (9 + 29 + -8)?
-3
What is the value of -1 + 12 - (-98 + 118)?
-9
What is the value of -7 + -2 + (82 - 83) + 32 + -1?
21
Calculate -603 + 611 + 4 + -1.
11
Evaluate -226 - -217 - (1 + 2).
-12
Calculate -8 + (14 + -1 - 12).
-7
(-16 - (-15 - -7) - -2) + -15
-21
What is 6 + (-1 - (14 + -9)) - -7?
7
Evaluate (1 - -10) + -21 - (-3 + (-3 - -9)).
-13
Evaluate (5 + 19 - 7) + -18.
-1
What is 11 + (5 - (-9 + 2 - -23))?
0
Evaluate -3 + -6 + (-39 - -37).
-11
-13 + (8 + -9 + 11 - -11)
8
Evaluate -353 + 333 - (0 + -28).
8
Evaluate (-1 - 1) + 21 - (20 - (22 - 0)).
21
Calculate 10 - 24 - (-12 + (-12 - -16)).
-6
3 + 0 - (-5 - 5 - -52)
-39
What is 7 + (14 - (1 + -8)) + -5 + 0?
23
-69 + 107 + -52 + 0 + -15
-29
Calculate 5 + 1 + 12 + 4 + -16 + 9.
15
-17 + (-4 - ((-1 - (4 + 3)) + 0))
-13
Calculate (15 - 6 - (6 + 5)) + 0.
-2
Evaluate (1 - (-21 + -12)) + -19.
15
What is -2 - 1 - (2 + -9 + -2 + 1)?
5
0 + 4 + 16 + -10 + -3
7
What is the value of -4 + 3 + -1 + (50 - 37)?
11
-15 + -18 + 57 - (-12 + 27)
9
Evaluate 2 - (8 + -7 + 13).
-12
What is -3 + (18 + (-5 - 9) - 7)?
-6
What is -1 + 8 + -9 + -2 + -7?
-11
What is the value of -27 - (-28 + (14 - 7))?
-6
Calculate (-640 - -631) + (2 - -25) + -1.
17
Evaluate 8 + -35 + -7 + 1 + 7 + 4.
-22
-9 + 55 + 2 + -18 + 3
33
Calculate 10 + -9 + 3 + -1.
3
2 - 8 - ((6 - 21) + (-2 - 6))
17
Calculate -15 + -7 + -3 - -13.
-12
What is the value of 1 - -1 - 3 - (10 - (32 + -18))?
3
Calculate -15 - ((-31 - (25 + -48)) + 1 + -1).
-7
What is the value of 7 + (12 - 36) + (3 - -4)?
-10
Calculate ((9 - 9) + 1 - -8 - 7) + -4.
-2
Calculate -23 + (1 - ((-4 - -4) + -6)) + -3.
-19
What is the value of -19 - (-15 - -20 - 9)?
-15
What is the value of 13 + (9 - (22 - 11)) - 0?
11
What is the value of 0 + 21 - (131 + -103)?
-7
Calculate 2 + 0 + -11 + 17 + -2.
6
What is the value of -21 - (-42 + -6 + 21 + 14)?
-8
What is 73 + -45 + -2 + -10?
16
(-9 - -6) + 15 + -6 - -17
23
What is the value of (-8 + -17 - -21) + -23?
-27
Evaluate -9 + 12 + (-14 - -3).
-8
19 - (-10 - -25 - 5)
9
Evaluate 5 - 1 - (-7 + (6 - 6) - -2).
9
11 + (-5 - (14 + -9)) + -10
-9
What is the value of -4 + 1 + 8 + (-2 - (11 - 15))?
7
(16 - (-25 - -64)) + 11 + 1
-11
11 + 2 + 13 + -16
10
Evaluate (-3 + 1 - -5) + -57 + 89.
35
Evaluate 0 - 18 - (-14 + -2 + (22 - 12)).
-12
(0 - -7) + 24 + -60 + 26
-3
Evaluate (69 - 64) + (-8 - -1).
-2
Calculate 6 + (16 - 8) - (-2 + 9).
7
Evaluate 3 + 27 + -20 - 24.
-14
Calculate (0 - 5) + 4 + -1 + -6.
-8
-192 - -207 - (-1 + (2 - -36))
-22
Calculate (4 - 0) + (3 - -7 - 12) - -13.
15
Calculate -62 + 43 - (-7 + 4).
-16
-31 + 26 + (-2 - -12)
5
What is (-21 - -1) + 53 + -56?
-23
Calculate (1 - 0) + -30 + 4 + 19 - 18.
-24
Evaluate (-5 - 40) + -8 + 15 - -12.
-26
What is the value of -34 + 2 + 32 + 34?
34
What is 22 - ((-16 - -25) + 7)?
6
-4 + (6 + -4 - 4) + 4 + -11
-13
What is the value of 2 + (-13 - (1 - (-4 - -4))) - -3?
-9
What is the value of -14 - (21 + -47 + 27)?
-15
Evaluate (-14 - -1) + 21 + (0 - 6).
2
Calculate -15 + (-3 - -10) + -12 + 12.
-8
3 - (-12 + -1 + 24)
-8
-2 + 8 + -25 + 28
9
What is the value of 3039 + -3044 - (0 + (1 - -1 - 0))?
-7
What is the value of -17 + 1 + (5 - (-2 + (-3 - -8)))?
-14
2 + -6 + 46 + -31
11
Calculate 28 + -18 + -3 + -29.
-22
What is the value of -4 + -36 + 27 + -24?
-37
What is the value of -12 - 3 - -32 - 6?
11
What is the value of -93 + 80 + (1 - -12)?
0
What is the value of -1 + (-3 - (-4 - (-5 - -8))) + -3?
0
What is (-11 + 48 + -11 - 6) + (1 -